 number?
True
Is 26174479 composite?
False
Is 10509097 a composite number?
False
Is 1326491 prime?
True
Is 9026471 composite?
True
Is 8403481 a prime number?
True
Is 795449 prime?
True
Is 2310289 a prime number?
True
Is 380362763 prime?
False
Is 310693 prime?
True
Is 66357407 a composite number?
False
Is 48346903 prime?
False
Is 2245489 a composite number?
False
Is 167464039 a prime number?
False
Is 2510771 a prime number?
True
Is 405795359 a prime number?
True
Is 30098231 prime?
True
Is 119837347 a composite number?
True
Is 186804749 prime?
False
Is 3496243 composite?
True
Is 459896113 prime?
True
Is 164355199 composite?
False
Is 3728677 composite?
True
Is 157347241 a composite number?
False
Is 29713153 composite?
True
Is 6875309 composite?
True
Is 4092727 prime?
True
Is 1892531 a prime number?
True
Is 3448207 prime?
False
Is 42807281 a prime number?
False
Is 16191581 composite?
True
Is 7225235 composite?
True
Is 3738541 composite?
False
Is 13495441 a composite number?
False
Is 2236573 prime?
True
Is 162306957 prime?
False
Is 2127236867 composite?
True
Is 27885365 prime?
False
Is 36882977 a prime number?
False
Is 126348413 composite?
True
Is 28001 composite?
False
Is 28065419 prime?
False
Is 15261167 prime?
False
Is 10598773 a composite number?
True
Is 2109773 composite?
True
Is 36247301 prime?
True
Is 54844079 prime?
True
Is 49281007 prime?
False
Is 47755285 a prime number?
False
Is 155571191 composite?
False
Is 65145439 a prime number?
False
Is 110466157 composite?
True
Is 2144117 composite?
False
Is 372984941 a prime number?
False
Is 61365757 prime?
True
Is 28874567 a composite number?
False
Is 1611727 a composite number?
True
Is 28073593 a prime number?
False
Is 11550587 composite?
False
Is 37429219 a composite number?
False
Is 10826689 a prime number?
True
Is 139781 a prime number?
False
Is 118354685 composite?
True
Is 12261155 a prime number?
False
Is 9023747 a composite number?
False
Is 4871441 a composite number?
False
Is 184508549 a composite number?
True
Is 16339079 a composite number?
True
Is 333880961 a prime number?
True
Is 21027745 a composite number?
True
Is 95588327 a prime number?
False
Is 6287173 prime?
True
Is 33173461 a prime number?
False
Is 167559889 a composite number?
True
Is 120936601 a prime number?
False
Is 15970651 composite?
True
Is 53559217 a composite number?
False
Is 15685133 a composite number?
False
Is 190937 a composite number?
True
Is 80141 a composite number?
False
Is 128481647 a prime number?
False
Is 33895691 a prime number?
True
Is 44961607 a composite number?
False
Is 662933 a composite number?
True
Is 115385633 prime?
False
Is 6330943 a prime number?
False
Is 339780697 a composite number?
False
Is 2495911 prime?
False
Is 164167 prime?
False
Is 2426209 a composite number?
False
Is 2756267 prime?
True
Is 103301317 a prime number?
False
Is 309769 a prime number?
True
Is 6840811 composite?
False
Is 43050467 prime?
False
Is 2600863 prime?
False
Is 11274869 a prime number?
True
Is 1462729 a composite number?
True
Is 68849038 prime?
False
Is 425461021 prime?
True
Is 340241 prime?
False
Is 2096773 a composite number?
True
Is 9064571 a prime number?
True
Is 2024527 composite?
True
Is 29029327 a composite number?
True
Is 58379239 prime?
False
Is 828913 prime?
False
Is 2248761 a prime number?
False
Is 3927551 composite?
False
Is 610009 a prime number?
False
Is 32483273 a composite number?
False
Is 1817771 prime?
True
Is 2126363 a composite number?
False
Is 140634439 composite?
True
Is 13453877 composite?
False
Is 25991789 composite?
False
Is 1024441 prime?
False
Is 6766157 a prime number?
False
Is 363518219 a composite number?
True
Is 238891399 prime?
True
Is 12422983 composite?
True
Is 11071361 a prime number?
False
Is 271411499 composite?
False
Is 23559863 prime?
True
Is 2823739 a composite number?
True
Is 567397 prime?
False
Is 52954183 a composite number?
True
Is 754447 composite?
True
Is 1198849 a composite number?
False
Is 229241341 a prime number?
False
Is 1239419 composite?
True
Is 103096729 composite?
False
Is 2402161 a prime number?
True
Is 71827799 a prime number?
True
Is 58382033 prime?
False
Is 1232417 a prime number?
True
Is 429697 a composite number?
True
Is 571393 prime?
False
Is 28751141 prime?
True
Is 2278421 prime?
True
Is 11222121 prime?
False
Is 388456699 a prime number?
True
Is 5159779 a composite number?
False
Is 164028023 a prime number?
True
Is 7701766 a prime number?
False
Is 1805849 prime?
False
Is 56082097 composite?
False
Is 102686713 composite?
False
Is 606017 prime?
True
Is 30643 a composite number?
False
Is 295937 composite?
False
Is 1394157683 a composite number?
False
Is 38086163 a composite number?
False
Is 23648973 composite?
True
Is 2299723 a composite number?
True
Is 93871597 composite?
False
Is 763261 composite?
False
Is 1741277 a prime number?
False
Is 29763323 prime?
False
Is 14920013 composite?
False
Is 5219089 prime?
True
Is 581265949 composite?
True
Is 34304471 a composite number?
False
Is 223043 a prime number?
False
Is 114096097 prime?
True
Is 90288509 composite?
True
Is 3997723 a composite number?
False
Is 6735089 a composite number?
False
Is 26131079 prime?
False
Is 214174039 prime?
True
Is 27288715 a prime number?
False
Is 141765467 prime?
True
Is 5234665 a prime number?
False
Is 46171139 a composite number?
True
Is 57593609 a prime number?
True
Is 950557 a composite number?
False
Is 17890289 composite?
False
Is 96226255 a composite number?
True
Is 235434099 a composite number?
True
Is 9120667 a composite number?
False
Is 5218051 prime?
True
Is 38673629 prime?
False
Is 4719749 a composite number?
True
Is 4331233 prime?
False
Is 767509 a composite number?
False
Is 12408287 a composite number?
True
Is 161393135 composite?
True
Is 6652553 composite?
False
Is 392591 a prime number?
False
Is 57592673 a composite number?
True
Is 22511791 a composite number?
True
Is 2615441 a composite number?
False
Is 32935901 a composite number?
False
Is 43967181 a prime number?
False
Is 1031297 a prime number?
False
Is 92184005 a composite number?
True
Is 524023 a prime number?
False
Is 4050521 composite?
False
Is 18470267 composite?
False
Is 33759079 composite?
True
Is 1100966147 a prime number?
False
Is 575954749 composite?
False
Is 240290857 a composite number?
False
Is 12748553 prime?
True
Is 147656461 composite?
False
Is 16425973 composite?
True
Is 8160371 prime?
True
Is 4973807 prime?
True
Is 8427337 a prime number?
True
Is 32003659 prime?
False
Is 3209707 a prime number?
False
Is 7197223 a prime number?
False
Is 19643383 prime?
True
Is 10870963 a composite number?
True
Is 2937973 a composite number?
True
Is 6567157 composite?
False
Is 2373942143 prime?
True
Is 906461 a prime number?
True
Is 157619731 composite?
True
Is 1273763 a prime number?
False
Is 858673 a composite number?
False
Is 3649337 a composite number?
False
Is 22851835 a prime number?
False
Is 11751217 a composite number?
False
Is 50284214 a composite number?
True
Is 871613 prime?
True
Is 14239 composite?
True
Is 142134053 composite?
False
Is 336209 a composite number?
True
Is 585892991 a composite number?
False
Is 7172629 a composite number?
True
Is 44310127 a prime number?
False
Is 463949 composite?
False
Is 834337 prime?
False
Is 6818051 composite?
True
Is 5098421 a composite number?
False
Is 5223343 composite?
False
Is 7669489 composite?
False
Is 1495297 composite?
False
Is 4001819 composite?
True
Is 13648867 a composite number?
True
Is 5677693 composite?
True
Is 9543238 prime?
False
Is 54465599 a prime number?
False
Is 18479827 prime?
True
Is 2324573 composite?
True
Is 11568181 prime?
True
Is 29328223 a prime number?
True
Is 6453833 prime?
False
Is 350671 composite?
True
Is 124489 composite?
False
Is 9054919 a prime number?
True
Is 370261 a prime number?
True
Is 31625723 composite?
False
Is 10649269 composite?
False
Is 270500731 a prime number?
False
Is 7380991 composite?
True
Is 50356753 prime?
True
Is 192789743 a prime number?
True
Is 35821501 a prime number?
True
Is 572854 a composite number?
True
Is 1114349 composite?
False
Is 23643973 composite?
False
Is 24736009 a prime number?
False
Is 116026447 a prime number?
False
Is 106026589 a prime number?
False
Is 73027219 prime?
True
Is 119028941 composite?